{"version":"1.0","provider_name":"Szerintem...","provider_url":"https:\/\/szerintem.cafeblog.hu","author_name":"k\u00f6k\u00e9ny","author_url":"https:\/\/szerintem.cafeblog.hu\/author\/kokeny\/","title":"Menetnapl\u00f3 - Horv\u00e1th-romkert","html":"<blockquote>\r\n<h5><em>\"Nem magam\u00e9rt s\u00edrok \u00e9n: testv\u00e9rem van, milli\u00f3,\u00a0<\/em>\r\n<em>\u00e9s a legt\u00f6bb oly szeg\u00e9ny, oly szeg\u00e9ny,\u00a0<\/em>\r\n<em>m\u00e9g \u00e1lm\u00e1b\u00f3l sem ismeri, ami j\u00f3.\"\r\n- Babits Mih\u00e1ly -\u00a0<\/em><\/h5>\r\n<\/blockquote>\r\n<a href=\"https:\/\/szerintem.cafeblog.hu\/files\/2013\/02\/IMG_20130204_090259.jpg\"><img class=\"alignnone size-large wp-image-2041311\" src=\"https:\/\/szerintem.cafeblog.hu\/files\/2013\/02\/IMG_20130204_090259-600x450.jpg\" alt=\"\" width=\"600\" height=\"450\" \/><\/a>\r\n<h4><!--more-->Az \u00f6t\u00f6dik nap<\/h4>\r\nBonyh\u00e1d k\u00e1rp\u00f3tolt minket minden\u00e9rt. Kellemes tavaszi szell\u0151 v\u00e1rt az \u00faton. A hegy oldal\u00e1ban m\u00e9g feh\u00e9rlettek itt-ott a tegnapi csata elesett h\u00f3katon\u00e1i a naps\u00fct\u00e9sben. A tegnap felvett ritmus ma is hat\u00e1rozottan vitte a l\u00e9pteinket. A minket k\u00eds\u00e9r\u0151k gyorsan r\u00e1j\u00f6ttek, hogy ez nem \u00f6rsi kir\u00e1ndul\u00e1s a patakparton. Becs\u00fclet\u00fckre legyen mondva, t\u00f6bb kilom\u00e9tert j\u00f6ttek ebben az er\u0151ltetett menetben.\r\n\r\nBagira egy cig\u00e1ny sr\u00e1c, aki Selly\u00e9r\u0151l j\u00f6tt vel\u00fcnk. Kilenc szakm\u00e1ja van \u00e9s m\u00e9gis k\u00f6zmunk\u00e1sk\u00e9nt dolgozva tartja el kicsi fi\u00e1t \u00e9s a feles\u00e9g\u00e9t. T\u00f6bb helyen is bev\u00e1llalta a feketemunk\u00e1t, de mindenhol \u00e1tvert\u00e9k. Hetekig dolgoztatt\u00e1k, majd mikor a b\u00e9r\u00e9t k\u00e9rte arcon r\u00f6h\u00f6gt\u00e9k. Ez a pof\u00e1tlans\u00e1g teteje. De j\u00f3 mester volt a nyomor\u00fas\u00e1gos sors\u00faak megal\u00e1z\u00f3 kihaszn\u00e1l\u00e1s\u00e1ban az Orb\u00e1n-rezsim. Ez az \u0151 k\u00e1na\u00e1njuk. A nyomor\u00fas\u00e1gon tort \u00fcl az aljass\u00e1g.\r\n\r\nSzolg\u00e1lta a haz\u00e1j\u00e1t, mint katona \u00e9s mint rend\u0151r is. A becs\u00fclet szobr\u00e1t mint\u00e1zn\u00e1m r\u00f3la, ha kezembe lenne az \u00e9let v\u00e9s\u0151je, de \u0151 ebben a \u00e1rkokkal felszabdalt orsz\u00e1gban csak egy cig\u00e1ny, aki a b\u0151re sz\u00edne miatt nem kap munk\u00e1t \u00e9s kenyeret. Gy\u00f6ny\u00f6r\u0171 feles\u00e9ge a manaps\u00e1g oly divatos rasszizmus ellen\u00e9re magyar l\u00e1ny l\u00e9t\u00e9re beleszerelmesedett \u00e9s hozz\u00e1k\u00f6t\u00f6tte az \u00e9let\u00e9t. \u0150 az \u00e9l\u0151p\u00e9lda arra, hogy a n\u00e9pe tud tanulni \u00e9s akar dolgozni.\r\n\r\nMostans\u00e1g k\u00fclf\u00f6ldre k\u00e9sz\u00fcl. Itt hagyja szerelmetes haz\u00e1j\u00e1t, mert Dortmundban csak az sz\u00e1m\u00edt, hogy b\u00f6cs\u00fclettel elv\u00e9gzi-e a re\u00e1 b\u00edzott feladatot. Egy heti b\u00e9re t\u00edzszer t\u00f6bb, mint amit itthon egy h\u00f3nap alatt keres. Ha m\u00e1r biztons\u00e1gos otthont tud teremteni a szeretteinek, akkor elviszi \u0151ket is \u00e9s boldogs\u00e1gban \u00e9lnek egy\u00fctt egy idegen kult\u00far\u00e1ban, ahol nem sz\u00e1m\u00edt honnan j\u00f6tt\u00e9l, melyik n\u00e1ci\u00f3hoz tartozol vagy milyen a vall\u00e1sod. Az pedig pl\u00e1ne nem, hogy melyik politikai csord\u00e1hoz tartozol.\r\nNem szeretne elmenni Selly\u00e9r\u0151l, de r\u00e1k\u00e9nyszer\u00edti a f\u00e1jdalmas tehetetlens\u00e9g. \u00c9s a lop\u00e1sra nem veszi r\u00e1 az a becs\u00fcletes cig\u00e1ny v\u00e9re.\r\n\r\n<a href=\"https:\/\/szerintem.cafeblog.hu\/files\/2013\/02\/IMG_20130204_144211.jpg\"><img class=\"alignnone size-large wp-image-2041310\" src=\"https:\/\/szerintem.cafeblog.hu\/files\/2013\/02\/IMG_20130204_144211-600x450.jpg\" alt=\"\" width=\"600\" height=\"450\" \/><\/a>\r\n\r\nA Horv\u00e1th polg\u00e1rmester \u00e1ltal terroriz\u00e1lt Szeksz\u00e1rd meglep\u0151dve l\u00e1tta, hogy vannak m\u00e9g emberek, akik nem f\u00e9lnek felv\u00e1llalni n\u00e9zeteiket. Akik k\u00e9pesek sz\u00e1z\u00f6tven kilom\u00e9tert gyalogolni az \u00fatsz\u00e9l\u00e9n a maguk \u00e9s a m\u00e1sok \u00e9let\u00e9t nyomorultt\u00e1 t\u00e9v\u0151 dilett\u00e1ns korm\u00e1ny figyelm\u00e9t rem\u00e9lve. Akadtak, akik tapsoltak \u00e9s voltak olyanok, akik az ablakb\u00f3l integettek. De a t\u00f6bbs\u00e9g megijedt, hogy nem lesz-e naki vagy a csal\u00e1dj\u00e1nak baja abb\u00f3l, ha megl\u00e1tj\u00e1k \u0151ket a menet k\u00f6zel\u00e9ben. Mert itt a Horv\u00e1th-romkertben - ahol bevezett\u00e9k az \u00e9p\u00fcletad\u00f3nak \u00e1lc\u00e1zott ingatlan-ad\u00f3t \u00e9s lerombolt\u00e1k a fel\u00faj\u00edtott Babits M\u0171vel\u0151d\u00e9si H\u00e1zat - mindenki retteg, mert van egy ember, aki nem a polg\u00e1rokat szolg\u00e1lja, hanem a maga piti\u00e1ner \u00e9rdekeit. Akinek senki nem meri megmondani, hogy \u0151 nem kir\u00e1ly, hanem szolga. Hiszen \u0151 is csak egy szeksz\u00e1rdi ember, aki most \u00e9pp polg\u00e1rmester.\r\nMost.\r\n\u00c9pp.\r\nP\u00e1r \u00e9vig.\r\n<h6 style=\"text-align: right\">Szerintem...<\/h6>\r\nBagir\u00e1nak:\r\n\r\n[embed]https:\/\/www.youtube.com\/watch?v=AYz4LP1mnv4[\/embed]","type":"rich"}

kökény

Menetnapló - Horváth-romkert

<blockquote>
<h5><em>"Nem magamért sírok én: testvérem van, millió, </em>
<em>és a legtöbb oly szegény, oly szegény, </em>
<em>még álmából sem ismeri, ami jó."
- Babits Mihály - </em></h5>
</blockquote>
<a href="https://szerintem.cafeblog.hu/files/2013/02/IMG_20130204_090259.jpg"><img class="alignnone size-large wp-image-2041311" src="https://szerintem.cafeblog.hu/files/2013/02/IMG_20130204_090259-600x450.jpg" alt="" width="600" height="450" /></a>
<h4><!--more-->Az ötödik nap</h4>
Bonyhád kárpótolt minket mindenért. Kellemes tavaszi szellő várt az úton. A hegy oldalában még fehérlettek itt-ott a tegnapi csata elesett hókatonái a napsütésben. A tegnap felvett ritmus ma is határozottan vitte a lépteinket. A minket kísérők gyorsan rájöttek, hogy ez nem örsi kirándulás a patakparton. Becsületükre legyen mondva, több kilométert jöttek ebben az erőltetett menetben.

Bagira egy cigány srác, aki Sellyéről jött velünk. Kilenc szakmája van és mégis közmunkásként dolgozva tartja el kicsi fiát és a feleségét. Több helyen is bevállalta a feketemunkát, de mindenhol átverték. Hetekig dolgoztatták, majd mikor a bérét kérte arcon röhögték. Ez a pofátlanság teteje. De jó mester volt a nyomorúságos sorsúak megalázó kihasználásában az Orbán-rezsim. Ez az ő kánaánjuk. A nyomorúságon tort ül az aljasság.

Szolgálta a hazáját, mint katona és mint rendőr is. A becsület szobrát mintáznám róla, ha kezembe lenne az élet vésője, de ő ebben a árkokkal felszabdalt országban csak egy cigány, aki a bőre színe miatt nem kap munkát és kenyeret. Gyönyörű felesége a manapság oly divatos rasszizmus ellenére magyar lány létére beleszerelmesedett és hozzákötötte az életét. Ő az élőpélda arra, hogy a népe tud tanulni és akar dolgozni.

Mostanság külföldre készül. Itt hagyja szerelmetes hazáját, mert Dortmundban csak az számít, hogy böcsülettel elvégzi-e a reá bízott feladatot. Egy heti bére tízszer több, mint amit itthon egy hónap alatt keres. Ha már biztonságos otthont tud teremteni a szeretteinek, akkor elviszi őket is és boldogságban élnek együtt egy idegen kultúrában, ahol nem számít honnan jöttél, melyik nációhoz tartozol vagy milyen a vallásod. Az pedig pláne nem, hogy melyik politikai csordához tartozol.
Nem szeretne elmenni Sellyéről, de rákényszeríti a fájdalmas tehetetlenség. És a lopásra nem veszi rá az a becsületes cigány vére.

<a href="https://szerintem.cafeblog.hu/files/2013/02/IMG_20130204_144211.jpg"><img class="alignnone size-large wp-image-2041310" src="https://szerintem.cafeblog.hu/files/2013/02/IMG_20130204_144211-600x450.jpg" alt="" width="600" height="450" /></a>

A Horváth polgármester által terrorizált Szekszárd meglepődve látta, hogy vannak még emberek, akik nem félnek felvállalni nézeteiket. Akik képesek százötven kilométert gyalogolni az útszélén a maguk és a mások életét nyomorulttá tévő dilettáns kormány figyelmét remélve. Akadtak, akik tapsoltak és voltak olyanok, akik az ablakból integettek. De a többség megijedt, hogy nem lesz-e naki vagy a családjának baja abból, ha meglátják őket a menet közelében. Mert itt a Horváth-romkertben - ahol bevezették az épületadónak álcázott ingatlan-adót és lerombolták a felújított Babits Művelődési Házat - mindenki retteg, mert van egy ember, aki nem a polgárokat szolgálja, hanem a maga pitiáner érdekeit. Akinek senki nem meri megmondani, hogy ő nem király, hanem szolga. Hiszen ő is csak egy szekszárdi ember, aki most épp polgármester.
Most.
Épp.
Pár évig.
<h6 style="text-align: right">Szerintem...</h6>
Bagirának:

[embed]https://www.youtube.com/watch?v=AYz4LP1mnv4[/embed]
